{"id":23,"date":"2014-06-14T21:16:35","date_gmt":"2014-06-14T19:16:35","guid":{"rendered":"http:\/\/neu.ostfriesische-gesellschaft.de\/?page_id=23"},"modified":"2025-10-08T16:21:13","modified_gmt":"2025-10-08T14:21:13","slug":"ambulante-betreuung","status":"publish","type":"page","link":"https:\/\/www.ostfriesische-gesellschaft.de\/?page_id=23","title":{"rendered":"Ambulante Teilhabeleistung"},"content":{"rendered":"<p><strong>Sie m\u00f6chten eigene Ressourcen entdecken und mobilisieren?<\/strong><\/p>\n<p><span style=\"font-size: 16px;\"><span style=\"color: #006699;\"><strong>Selbstbestimmt und eigenverantwortlich leben?<\/strong><\/span><\/span><\/p>\n<p>Sie m\u00f6chten trotz ihrer Erkrankung in Ihrer eigenen Wohnung leben und ihre Eigenst\u00e4ndigkeit bewahren? Die ambulante Teilhabeleistung erm\u00f6glicht den Aufbau, den Erhalt oder die Verbesserung einer selbstst\u00e4ndigen Lebensf\u00fchrung.<\/p>\n<p><strong>Wie bieten Unterst\u00fctzung und pers\u00f6nliche F\u00f6rderung:<\/strong><\/p>\n<ul>\n<li>bei der Organisation und Strukturierung in allt\u00e4glichen Dingen<\/li>\n<li>bei der Entwicklung von Probleml\u00f6sungen<\/li>\n<li>bei der Anbahnung von Kontakten und Freizeitgestaltung<\/li>\n<li>bei Beh\u00f6rdenangelegenheiten und Schriftverkehr<\/li>\n<\/ul>\n<p>Die ambulante Teilhabeleistung ist eine Einzelfallhilfe zur sozialen Eingliederung. Die Antragstellung und die Kosten\u00fcbernahme erfolgt durch die zust\u00e4ndigen \u00f6rtlichen Kostentr\u00e4ger.<\/p>\n<p>F\u00fcr weitere Informationen stehen wir Ihnen gerne zur Verf\u00fcgung.<\/p>\n<hr style=\"font-size: 13px;\" \/>\n<p style=\"font-size: 13px;\"><span style=\"color: #006699;\">Ambulante Teilhabeleistung Aurich<\/span><\/p>\n<p style=\"font-size: 13px;\"><strong>Leitung<\/strong>\u00a0Bettina Leggedoor<br \/>\nWasserwerksweg 10<br \/>\n26603 Aurich<br \/>\n<strong>Telefon<\/strong>\u00a004941 &#8211; 18 06 57<br \/>\n<strong>Fax<\/strong>\u00a0 \u00a0 \u00a0 \u00a004941 &#8211; 97 48 296<\/p>\n<hr style=\"font-size: 13px;\" \/>\n<p style=\"font-size: 13px;\"><span style=\"color: #006699; font-size: 13px;\">Ambulante Teilhabeleistung Norden<\/span><\/p>\n<p style=\"font-size: 13px;\"><strong>Leitung<\/strong>\u00a0Alexandra Lindau-Hainke<br \/>\nRaiffeisenstra\u00dfe 2A<br \/>\n26506 Norden<br \/>\n<strong>Telefon<\/strong>\u00a004931 &#8211; 98 39 750<br \/>\n<strong>Fax<\/strong>\u00a0 \u00a0 \u00a0 \u00a004931 &#8211; 98 39 752<\/p>\n<hr style=\"font-size: 13px;\" \/>\n<p style=\"font-size: 13px;\"><span style=\"color: #006699;\">Ambulante Teilhabeleistung Leer<\/span><\/p>\n<p style=\"font-size: 13px;\"><strong>Leitung<\/strong> Stefanie Schlegel<br \/>\nM\u00fchlenstra\u00dfe 7<br \/>\n26789 Leer<br \/>\n<strong style=\"line-height: 1.6em;\">Telefon<\/strong><span style=\"line-height: 1.6em;\">\u00a00491 &#8211; 45 44 86 81<\/span><br \/>\n<strong style=\"line-height: 1.6em;\">Fax<\/strong><span style=\"line-height: 1.6em;\">\u00a0 \u00a0 \u00a0 \u00a00491 &#8211; 45 44 86 82<br \/>\n<\/span><\/p>\n<hr \/>\n<h3>Kontaktformular<\/h3>\n<p>\u27a8 <a href=\"https:\/\/www.ostfriesische-gesellschaft.de\/?page_id=57\">Hier gehts zum Kontaktformular<\/a>!<\/p>\n","protected":false},"excerpt":{"rendered":"<p>Sie m\u00f6chten eigene Ressourcen entdecken und mobilisieren? Selbstbestimmt und eigenverantwortlich leben? Sie m\u00f6chten trotz ihrer Erkrankung in Ihrer eigenen Wohnung leben und ihre Eigenst\u00e4ndigkeit bewahren? Die ambulante Teilhabeleistung erm\u00f6glicht den Aufbau, den Erhalt oder die Verbesserung einer selbstst\u00e4ndigen Lebensf\u00fchrung. Wie&#8230; <a class=\"read-more-button\" href=\"https:\/\/www.ostfriesische-gesellschaft.de\/?page_id=23\">Mehr lesen &gt;<\/a><\/p>\n","protected":false},"author":1,"featured_media":0,"parent":0,"menu_order":0,"comment_status":"closed","ping_status":"closed","template":"template-without-comments.php","meta":{"footnotes":""},"_links":{"self":[{"href":"https:\/\/www.ostfriesische-gesellschaft.de\/index.php?rest_route=\/wp\/v2\/pages\/23"}],"collection":[{"href":"https:\/\/www.ostfriesische-gesellschaft.de\/index.php?rest_route=\/wp\/v2\/pages"}],"about":[{"href":"https:\/\/www.ostfriesische-gesellschaft.de\/index.php?rest_route=\/wp\/v2\/types\/page"}],"author":[{"embeddable":true,"href":"https:\/\/www.ostfriesische-gesellschaft.de\/index.php?rest_route=\/wp\/v2\/users\/1"}],"replies":[{"embeddable":true,"href":"https:\/\/www.ostfriesische-gesellschaft.de\/index.php?rest_route=%2Fwp%2Fv2%2Fcomments&post=23"}],"version-history":[{"count":16,"href":"https:\/\/www.ostfriesische-gesellschaft.de\/index.php?rest_route=\/wp\/v2\/pages\/23\/revisions"}],"predecessor-version":[{"id":741,"href":"https:\/\/www.ostfriesische-gesellschaft.de\/index.php?rest_route=\/wp\/v2\/pages\/23\/revisions\/741"}],"wp:attachment":[{"href":"https:\/\/www.ostfriesische-gesellschaft.de\/index.php?rest_route=%2Fwp%2Fv2%2Fmedia&parent=23"}],"curies":[{"name":"wp","href":"https:\/\/api.w.org\/{rel}","templated":true}]}}

<p><strong>Sie möchten eigene Ressourcen entdecken und mobilisieren?</strong></p>
<p><span style="font-size: 16px;"><span style="color: #006699;"><strong>Selbstbestimmt und eigenverantwortlich leben?</strong></span></span></p>
<p>Sie möchten trotz ihrer Erkrankung in Ihrer eigenen Wohnung leben und ihre Eigenständigkeit bewahren? Die ambulante Teilhabeleistung ermöglicht den Aufbau, den Erhalt oder die Verbesserung einer selbstständigen Lebensführung.</p>
<p><strong>Wie bieten Unterstützung und persönliche Förderung:</strong></p>
<ul>
<li>bei der Organisation und Strukturierung in alltäglichen Dingen</li>
<li>bei der Entwicklung von Problemlösungen</li>
<li>bei der Anbahnung von Kontakten und Freizeitgestaltung</li>
<li>bei Behördenangelegenheiten und Schriftverkehr</li>
</ul>
<p>Die ambulante Teilhabeleistung ist eine Einzelfallhilfe zur sozialen Eingliederung. Die Antragstellung und die Kostenübernahme erfolgt durch die zuständigen örtlichen Kostenträger.</p>
<p>Für weitere Informationen stehen wir Ihnen gerne zur Verfügung.</p>
<hr style="font-size: 13px;" />
<p style="font-size: 13px;"><span style="color: #006699;">Ambulante Teilhabeleistung Aurich</span></p>
<p style="font-size: 13px;"><strong>Leitung</strong> Bettina Leggedoor<br />
Wasserwerksweg 10<br />
26603 Aurich<br />
<strong>Telefon</strong> 04941 &#8211; 18 06 57<br />
<strong>Fax</strong>       04941 &#8211; 97 48 296</p>
<hr style="font-size: 13px;" />
<p style="font-size: 13px;"><span style="color: #006699; font-size: 13px;">Ambulante Teilhabeleistung Norden</span></p>
<p style="font-size: 13px;"><strong>Leitung</strong> Alexandra Lindau-Hainke<br />
Raiffeisenstraße 2A<br />
26506 Norden<br />
<strong>Telefon</strong> 04931 &#8211; 98 39 750<br />
<strong>Fax</strong>       04931 &#8211; 98 39 752</p>
<hr style="font-size: 13px;" />
<p style="font-size: 13px;"><span style="color: #006699;">Ambulante Teilhabeleistung Leer</span></p>
<p style="font-size: 13px;"><strong>Leitung</strong> Stefanie Schlegel<br />
Mühlenstraße 7<br />
26789 Leer<br />
<strong style="line-height: 1.6em;">Telefon</strong><span style="line-height: 1.6em;"> 0491 &#8211; 45 44 86 81</span><br />
<strong style="line-height: 1.6em;">Fax</strong><span style="line-height: 1.6em;">       0491 &#8211; 45 44 86 82<br />
</span></p>
<hr />
<h3>Kontaktformular</h3>
<p>➨ <a href="https://www.ostfriesische-gesellschaft.de/?page_id=57">Hier gehts zum Kontaktformular</a>!</p>

<p>Sie möchten eigene Ressourcen entdecken und mobilisieren? Selbstbestimmt und eigenverantwortlich leben? Sie möchten trotz ihrer Erkrankung in Ihrer eigenen Wohnung leben und ihre Eigenständigkeit bewahren? Die ambulante Teilhabeleistung ermöglicht den Aufbau, den Erhalt oder die Verbesserung einer selbstständigen Lebensführung. Wie&#8230; <a class="read-more-button" href="https://www.ostfriesische-gesellschaft.de/?page_id=23">Mehr lesen &gt;</a></p>
